Is 12572432 a multiple of 811?
False
Is 2838132 a multiple of 22?
True
Is 22 a factor of 1092850?
True
Is 447 a factor of 105974?
False
Is 81 a factor of 13284?
True
Is 217 a factor of 5562795?
True
Does 23 divide 256979?
True
Is 304 a factor of 4507935?
False
Is 2217178 a multiple of 103?
True
Does 82 divide 4674?
True
Does 327 divide 91570?
False
Is 242 a factor of 1075721?
False
Does 44 divide 1599498?
False
Does 3 divide 316061?
False
Is 476607 a multiple of 237?
True
Does 105 divide 684180?
True
Is 15904 a multiple of 14?
True
Is 263703 a multiple of 361?
False
Is 44 a factor of 381480?
True
Is 1361976 a multiple of 2541?
True
Does 66 divide 159906?
False
Does 18 divide 699426?
True
Does 11 divide 717244?
True
Is 2125884 a multiple of 1156?
True
Does 19 divide 189606?
False
Does 58 divide 1441267?
False
Is 20070 a multiple of 223?
True
Does 84 divide 1204644?
True
Is 5459969 a multiple of 247?
False
Does 222 divide 405150?
True
Does 4 divide 11748?
True
Is 15668 a multiple of 74?
False
Does 21 divide 20937?
True
Is 1255288 a multiple of 207?
False
Does 37 divide 195895?
False
Is 20 a factor of 139320?
True
Is 52 a factor of 1161420?
True
Does 8 divide 289608?
True
Does 5 divide 6738?
False
Is 2688855 a multiple of 861?
False
Is 340 a factor of 6321421?
False
Is 12896702 a multiple of 106?
True
Is 17 a factor of 302670?
False
Does 11 divide 84001?
False
Is 17018661 a multiple of 124?
False
Does 11 divide 92956?
False
Is 202 a factor of 127058?
True
Is 8463 a multiple of 39?
True
Is 2678400 a multiple of 72?
True
Is 11 a factor of 2066?
False
Is 16 a factor of 2590000?
True
Is 9 a factor of 11471958?
True
Does 19 divide 4757742?
False
Is 95910 a multiple of 10?
True
Is 58588 a multiple of 17?
False
Is 8 a factor of 158197?
False
Is 64 a factor of 234255?
False
Does 101 divide 91981?
False
Does 5 divide 4191?
False
Is 5082711 a multiple of 143?
False
Is 479 a factor of 4318529?
False
Is 189591 a multiple of 563?
False
Is 372 a factor of 454937?
False
Is 61531 a multiple of 155?
False
Does 98 divide 25659?
False
Is 1209 a factor of 617849?
False
Is 84586 a multiple of 158?
False
Does 11 divide 2660999?
True
Does 36 divide 758736?
True
Is 318 a factor of 744756?
True
Does 16 divide 108848?
True
Is 1588253 a multiple of 7?
False
Does 310 divide 3723720?
True
Does 55 divide 45950?
False
Is 14 a factor of 4268026?
True
Is 1808 a factor of 6985881?
False
Is 125 a factor of 94416?
False
Does 4 divide 587656?
True
Is 137 a factor of 3241720?
False
Does 25 divide 1634475?
True
Does 4 divide 16986?
False
Is 639279 a multiple of 9?
True
Is 8989077 a multiple of 263?
True
Is 50 a factor of 9403?
False
Is 5 a factor of 74554?
False
Does 57 divide 836133?
True
Is 6 a factor of 357846?
True
Is 2367452 a multiple of 34?
False
Is 216 a factor of 74088?
True
Is 676368 a multiple of 16?
True
Is 2029 a factor of 22027952?
False
Is 59 a factor of 168454?
False
Is 4 a factor of 3804376?
True
Is 335410 a multiple of 20?
False
Is 19695 a multiple of 137?
False
Does 20 divide 8199580?
True
Does 266 divide 3792628?
True
Is 4122838 a multiple of 35?
False
Is 181 a factor of 1850440?
False
Is 455 a factor of 5966524?
False
Is 94027 a multiple of 9?
False
Is 134 a factor of 189990?
False
Is 354488 a multiple of 607?
True
Is 10 a factor of 1048232?
False
Does 4 divide 22989?
False
Does 7 divide 12182919?
True
Does 7 divide 57379?
True
Is 22 a factor of 13058952?
False
Is 87 a factor of 5701?
False
Is 10836830 a multiple of 233?
True
Does 617 divide 1047857?
False
Does 121 divide 27951?
True
Does 49 divide 144256?
True
Is 139233 a multiple of 64?
False
Is 265628 a multiple of 12?
False
Is 1608744 a multiple of 51?
True
Is 16 a factor of 493821?
False
Does 3 divide 81173?
False
Is 14 a factor of 432596?
False
Does 404 divide 26404945?
False
Does 291 divide 805779?
True
Is 7986680 a multiple of 7?
False
Is 1828351 a multiple of 19?
True
Is 354559 a multiple of 64?
False
Is 8597680 a multiple of 719?
False
Is 191196 a multiple of 226?
True
Does 6 divide 450692?
False
Is 420 a factor of 1368634?
False
Is 427680 a multiple of 297?
True
Is 167856 a multiple of 27?
False
Is 357 a factor of 41769?
True
Is 20152 a multiple of 22?
True
Is 618079 a multiple of 77?
True
Is 867 a factor of 4439907?
True
Is 79 a factor of 1013965?
True
Is 479 a factor of 892856?
True
Is 29 a factor of 319150?
False
Does 136 divide 2675936?
True
Is 29 a factor of 2442993?
False
Does 203 divide 65569?
True
Is 415670 a multiple of 197?
True
Is 1112 a factor of 4004280?
False
Is 386631 a multiple of 119?
True
Is 4668282 a multiple of 18?
True
Is 295855 a multiple of 280?
False
Is 29 a factor of 1695804?
True
Does 266 divide 21280?
True
Does 3 divide 52674?
True
Is 553822 a multiple of 134?
True
Does 42 divide 70195?
False
Does 511 divide 1350888?
False
Is 74 a factor of 683612?
True
Is 33 a factor of 268413?
False
Does 439 divide 1293195?
False
Is 883 a factor of 9741967?
False
Is 180 a factor of 96794?
False
Is 56 a factor of 181362?
False
Is 36 a factor of 22824144?
True
Is 4 a factor of 23047?
False
Does 54 divide 64525?
False
Is 105 a factor of 48810?
False
Does 33 divide 236921?
False
Does 9 divide 142047?
True
Is 165186 a multiple of 16?
False
Does 37 divide 372127?
False
Is 37 a factor of 136086?
True
Is 37872 a multiple of 14?
False
Is 13 a factor of 13559039?
True
Does 178 divide 110613?
False
Is 116476 a multiple of 52?
False
Does 22 divide 107365?
False
Is 55 a factor of 109528?
False
Does 99 divide 3632142?
False
Is 7 a factor of 55335?
True
Does 126 divide 982241?
False
Is 13 a factor of 5421806?
True
Is 141 a factor of 865317?
True
Is 317400 a multiple of 3?
True
Does 80 divide 253526?
False
Is 121 a factor of 26620?
True
Is 2800555 a multiple of 243?
False
Is 13 a factor of 12050837?
False
Is 169 a factor of 28899?
True
Is 67 a factor of 78055?
True
Is 1320035 a multiple of 258?
False
Is 19 a factor of 393816?
False
Does 419 divide 94275?
True
Is 40690 a multiple of 13?
True
Does 123 divide 935293?
False
Is 44 a factor of 5235550?
False
Is 13 a factor of 9106091?
False
Does 163 divide 923395?
True
Does 48 divide 771576?
False
Is 1562627 a multiple of 9?
False
Is 12 a factor of 97471?
False
Does 281 divide 87459?
False
Is 15436 a multiple of 7?
False
Is 1157704 a multiple of 13?
False
Is 5 a factor of 1550833?
False
Is 143300 a multiple of 20?
True
Is 91 a factor of 485373?
False
Is 71 a factor of 265256?
True
Does 83 divide 50713?
True
Is 252 a factor of 7108416?
True
Is 158 a factor of 2458638?
True
Does 63 divide 18564?
False
Is 7 a factor of 2321235?
True
Is 7712330 a multiple of 17?
False
Is 37 a factor of 2228066?
True
Does 7 divide 1284325?
True
Is 311048 a multiple of 8?
True
Is 69 a factor of 162081?
True
Does 22 divide 97566?
False
Is 82 a factor of 139424?
False
Is 49261 a multiple of 4?
False
Is 137 a factor of 9547594?
False
Does 7 divide 254247?
True
Is 139357 a multiple of 2?
False
Does 12 divide 43502?
False
Does 31 divide 56482?
True
Is 164 a factor of 726584?
False
Is 1333552 a multiple of 88?
True
Is 3 a factor of 350573?
False
Is 169 a factor of 62466?
False
Does 138 divide 154698?
True
Does 396 divide 2975770?
False
Does 554 divide 4461916?
True
Is 15535908 a multiple of 33?
False
Does 270 divide 333450?
True
Does 16 divide 53304?
False
Is 676 a factor of 1291761?
False
Does 15 divide 8326185?
True
Does 1961 divide 19396251?
True
Does 36 divide 1037628?
True
Is 108514 a multiple of 23?
True
Does 5 divide 26216?
False
Does 25 divide 1149620?
False
Does 49 divide 37420?
False
Is 255 a factor of 1945132?
False
Does 27 divide 420444?
True
Is 22 a factor of 194806?
False
Is 21 a factor of 1670028?
False
Does 3 divide 153104?
False
Does 24 divide 727693?
False
Is 7781285 a multiple of 264?
False
Is 2074731 a multiple of 14?
False
Is 91 a factor of 6487208?
True
Is 3173904 a multiple of 50?
False
Is 159 a factor of 417375?
True
Is 170 a factor of 549097?
False
Is 21 a factor of 4891614?
True
Is 34798 a multiple of 42?
False
Is 667 a factor of 1304652?
True
Is 694358 a multiple of 78?
False
Is 76825 a multiple of 128?
False
Is 264912 a multiple of 16?
True
Is 230568 a multiple of 52?
True
Does 12 divide 1248768?
True
Does 10 divide 2215?
False
Does 9 divide 487715?
False
Doe